{"id":42,"date":"2023-11-19T17:14:04","date_gmt":"2023-11-19T17:14:04","guid":{"rendered":"https:\/\/sudensilma.fi\/?page_id=42"},"modified":"2023-12-10T11:57:18","modified_gmt":"2023-12-10T11:57:18","slug":"ajankohtaista","status":"publish","type":"page","link":"https:\/\/sudensilma.fi\/","title":{"rendered":"Kotona luonnossa"},"content":{"rendered":"\n<div class=\"wp-block-columns is-layout-flex wp-container-core-columns-is-layout-9d6595d7 wp-block-columns-is-layout-flex\">\n<div class=\"wp-block-column is-layout-flow wp-block-column-is-layout-flow\">\n<div class=\"wp-block-cover\"><span aria-hidden=\"true\" class=\"wp-block-cover__background has-background-dim\"><\/span><img loading=\"lazy\" decoding=\"async\" width=\"768\" height=\"1024\" class=\"wp-block-cover__image-background wp-image-242\" alt=\"\" src=\"https:\/\/sudensilma.fi\/wp-content\/uploads\/2023\/12\/Osmankaami_KristiinaS-768x1024.jpg\" style=\"object-position:41% 28%\" data-object-fit=\"cover\" data-object-position=\"41% 28%\" srcset=\"https:\/\/sudensilma.fi\/wp-content\/uploads\/2023\/12\/Osmankaami_KristiinaS-768x1024.jpg 768w, https:\/\/sudensilma.fi\/wp-content\/uploads\/2023\/12\/Osmankaami_KristiinaS-225x300.jpg 225w, https:\/\/sudensilma.fi\/wp-content\/uploads\/2023\/12\/Osmankaami_KristiinaS-1152x1536.jpg 1152w, https:\/\/sudensilma.fi\/wp-content\/uploads\/2023\/12\/Osmankaami_KristiinaS.jpg 1440w\" sizes=\"auto, (max-width: 768px) 100vw, 768px\" \/><div class=\"wp-block-cover__inner-container is-layout-flow wp-block-cover-is-layout-flow\">\n<p class=\"has-text-align-center\">Tule ja tutki, syvenny ja sukella.<\/p>\n\n\n\n<p class=\"has-text-align-center\">Toivon, ett\u00e4 valo tekee sinuun vaikutuksen<\/p>\n\n\n\n<p class=\"has-text-align-center\">ja luonto vie mukanaan.<\/p>\n\n\n\n<p class=\"has-text-align-center\">Tervetuloa.<\/p>\n<\/div><\/div>\n<\/div>\n\n\n\n<div class=\"wp-block-column is-layout-flow wp-block-column-is-layout-flow\">\n<p class=\"has-text-align-center\"><strong>Salomaa<\/strong><\/p>\n\n\n\n<p class=\"has-text-align-center\"><em>Salomaa on tehty, jotta siell\u00e4 ei asuttais,<br>jotta siell\u00e4 jumala yksin olla sais<br>astuskellen sammalmattojansa,<br>ymp\u00e4rill\u00e4\u00e4n koko luomisen kansa.<\/em><\/p>\n\n\n\n<p class=\"has-text-align-center\"><em>Meid\u00e4tkin h\u00e4n kaiketi mukaan tulla sois<br>kunhan malttaisimme j\u00e4tt\u00e4\u00e4 t\u00e4rkeytemme pois,<br>viipy\u00e4 vaistojen salamyhk\u00e4isten ajeltavana,<br>huulilla hyvin yksinkertainen, harras sana,<\/em><\/p>\n\n\n\n<p class=\"has-text-align-center\"><em>ristiriidaton t\u00e4nne, jossa kuulla saa<br>kuinka k\u00e4py oksalta maahan putoaa,<br>jossa on monta pyh\u00e4sti puhdasta puuta,<br>ihmist\u00e4 jos ei, on sit\u00e4 enemm\u00e4n muuta.<\/em><\/p>\n\n\n\n<p class=\"has-text-align-center\"><em>&#8211; Aaro Hellaakoski &#8211;<\/em><\/p>\n<\/div>\n<\/div>\n","protected":false},"excerpt":{"rendered":"<p>Salomaa Salomaa on tehty, jotta siell\u00e4 ei asuttais,jotta siell\u00e4 jumala yksin olla saisastuskellen sammalmattojansa,ymp\u00e4rill\u00e4\u00e4n koko luomisen kansa. Meid\u00e4tkin h\u00e4n kaiketi mukaan tulla soiskunhan malttaisimme j\u00e4tt\u00e4\u00e4 t\u00e4rkeytemme pois,viipy\u00e4 vaistojen salamyhk\u00e4isten ajeltavana,huulilla hyvin yksinkertainen, harras sana,&#46;&#46;&#46;<\/p>\n","protected":false},"author":1,"featured_media":0,"parent":0,"menu_order":0,"comment_status":"closed","ping_status":"closed","template":"","meta":{"ngg_post_thumbnail":0,"footnotes":""},"class_list":["post-42","page","type-page","status-publish","hentry"],"_links":{"self":[{"href":"https:\/\/sudensilma.fi\/index.php\/wp-json\/wp\/v2\/pages\/42","targetHints":{"allow":["GET"]}}],"collection":[{"href":"https:\/\/sudensilma.fi\/index.php\/wp-json\/wp\/v2\/pages"}],"about":[{"href":"https:\/\/sudensilma.fi\/index.php\/wp-json\/wp\/v2\/types\/page"}],"author":[{"embeddable":true,"href":"https:\/\/sudensilma.fi\/index.php\/wp-json\/wp\/v2\/users\/1"}],"replies":[{"embeddable":true,"href":"https:\/\/sudensilma.fi\/index.php\/wp-json\/wp\/v2\/comments?post=42"}],"version-history":[{"count":14,"href":"https:\/\/sudensilma.fi\/index.php\/wp-json\/wp\/v2\/pages\/42\/revisions"}],"predecessor-version":[{"id":292,"href":"https:\/\/sudensilma.fi\/index.php\/wp-json\/wp\/v2\/pages\/42\/revisions\/292"}],"wp:attachment":[{"href":"https:\/\/sudensilma.fi\/index.php\/wp-json\/wp\/v2\/media?parent=42"}],"curies":[{"name":"wp","href":"https:\/\/api.w.org\/{rel}","templated":true}]}}